 + 4*b**3 + 1. What is the remainder when 29 is divided by r(-6)?
14
Let i = -154 - -264. Calculate the remainder when 13/(-52) - 173/(-4) is divided by (-12)/(-15)*i/4.
21
Let l = 108 - -438. Let c = -524 + l. What is the remainder when 29 is divided by c?
7
Suppose -92*q = -184*q + 95*q - 636. Calculate the remainder when 279 is divided by q.
67
Let h = 13884 + -13759. What is the remainder when 223 is divided by h?
98
Let a = 4835 + -4792. Calculate the remainder when 53 is divided by a.
10
Let m(k) = -2*k**2 + 31*k + 30. Suppose -4*l - 3*h = -l - 66, l + 3*h = 20. Let y be m(l). What is the remainder when 50 is divided by y/(-12) - (1 + (-12)/16)?
24
Let p(y) = 2*y**2 + 155*y - 52. What is the remainder when p(32) is divided by 142?
140
Let g = -192 - -208. Suppose -3*c + g*l + 187 = 11*l, -4 = -l. What is the remainder when c is divided by 18?
15
Let m(a) = -a**3 - 37*a**2 - 70*a + 20. Let c be m(-35). Suppose 528 + 52 = c*g. What is the remainder when g is divided by 7?
1
Suppose 2*c + 26 - 192 = 0. Let v(z) = -5*z - 14. Let t be v(-17). Let b = 95 - t. Calculate the remainder when c is divided by b.
11
Calculate the remainder when ((8/10)/(14/(-35)))/((-6)/831) is divided by 32.
21
Suppose 0 = 2*p + 9 - 17. Let s be -28*((-27)/(-12) - p). Suppose -8*u + s + 55 = 0. Calculate the remainder when 25 is divided by u.
12
Let z = 212 + -128. Suppose 46*q - z = 40*q. What is the remainder when 21 is divided by q?
7
Suppose 0 = -4*t + 3*j + 7, -97 + 104 = t + j. Let a(y) = y**2 - 4*y + 11. Calculate the remainder when a(7) is divided by t.
0
Let f = 216 - -43. Calculate the remainder when f is divided by 63.
7
Suppose -11*r + u - 73 = -8*r, 0 = 3*u + 15. Let s = r - -68. What is the remainder when 83 is divided by s?
41
Let y(d) = d**3 - 51*d**2 - 211*d - 486. Calculate the remainder when 619 is divided by y(55).
7
Let d be (-206)/2 + 5/5. Let f = -47 - d. Let k = -21 + f. What is the remainder when 201 is divided by k?
31
Let j be ((-2)/((-6)/639))/((-18)/(-48)). Let c be (0 + (-483)/(-6))*10. Let a = c - j. Calculate the remainder when a is divided by 48.
45
Let a(i) be the first derivative of -9*i**2/2 + 87*i + 90. Let l = 226 - 157. What is the remainder when l is divided by a(7)?
21
Suppose -g = -2*j - 7, 35 = 3*g - 2*g + 5*j. Let a(u) = -11*u - g*u + 16 + 22 + 27*u. Calculate the remainder when a(8) is divided by 6.
4
Let m = 1944 + -278. What is the remainder when 3336 is divided by m?
4
Let b be -5*(2 - 4) - -2. Suppose 5587 + 1661 = 49*y + 290. Calculate the remainder when y is divided by 1*b/(-4) - -39.
34
Let p = -1577 - -894. Let f = p + 700. Calculate the remainder when f is divided by 9.
8
Suppose -2*u + 5 - 1 = 0. Suppose 4*f - 5*h + 36 = 0, -f + 5*f + u*h = -8. What is the remainder when (-1674)/(-36) + (-6)/f is divided by 13?
9
Calculate the remainder when 1361 is divided by ((1/3)/((-196)/504))/(12/(-1736)).
121
Let c(x) be the third derivative of -x**4/24 + x**3/3 - 8*x**2 - 1. Let a be ((-1)/3)/((-11)/(-99)). Calculate the remainder when 12 is divided by c(a).
2
Let c(n) = -12*n + 94. Let m(i) = 13*i - 90. Let l(a) = -4*c(a) - 3*m(a). Calculate the remainder when 38 is divided by l(15).
9
Suppose -97*h - 28030 = -55*h - 140002. Calculate the remainder when h is divided by 334.
328
Let z be 13/52 - (-1 + (-598)/8). Calculate the remainder when z/342 + 475/9 is divided by 29.
24
Suppose -6*w - 17 + 39 = -68. Suppose 148 = 6*s - 2*s + 4*f, 3*f = -s + 37. Calculate the remainder when s is divided by w.
7
Let w = -583 + 718. What is the remainder when 383 is divided by w?
113
What is the remainder when 1144 is divided by -10 - ((-2127)/21 + 20/70)?
52
Let k(c) = -c**3 - 12*c**2 - 57*c - 69. What is the remainder when 53 is divided by k(-3)?
11
Let q = 3940 - 3933. Calculate the remainder when 2132 is divided by q.
4
Let s(y) = -204*y + 2584. What is the remainder when s(12) is divided by 12/(-9)*(-333)/6?
62
What is the remainder when 9235 is divided by (310 + -372)/(1 - 3)?
28
Suppose 3*j + 226 = 637. Suppose -5*c = -f - 97, 8*c - 4*c = 5*f + 44. What is the remainder when j is divided by c?
11
Let y(c) = -c**2 + 2*c + 95. Let j be y(11). Calculate the remainder when 347 is divided by 2443/(-196)*j - (-1)/7.
47
Suppose 27*k = 268 + 319 - 182. What is the remainder when 487 is divided by k?
7
Let l(h) = 3*h + 186. What is the remainder when 139 is divided by l(-33)?
52
Let p(s) = s**3 + 5*s**2 - 3*s + 3. Let j(b) = -10*b - 17. Suppose 0 = -0*n + 13*n + 39. Calculate the remainder when p(-3) is divided by j(n).
4
Let t be 8*((-3 - -2) + 4). Let h(u) = -t*u - 5 - 27*u + u**2 + 52*u. What is the remainder when h(-7) is divided by 13?
11
Suppose -5*y + k = 76, 3*y - y - k + 31 = 0. Let f = y + 10. Let g = f - -20. What is the remainder when g is divided by 8?
7
Let p(u) = -154*u - 1881. Calculate the remainder when 176 is divided by p(-13).
55
Suppose -603 = -5*v - u, 5*v = -9*u + 7*u + 601. What is the remainder when v is divided by (-25)/(-4)*(3 + 1)?
21
Let u = 22 - 8. Let k(q) = 7*q + 2. Let o be k(u). Let r = o + -55. What is the remainder when r is divided by 16?
13
Suppose 20 = 5*x - 0. Let t(m) = -10 + 19 + 4*m - 8. What is the remainder when t(x) is divided by 6?
5
Calculate the remainder when 1700 is divided by 22/(-363) - 20804/(-231).
80
Let v = 926 + -680. Calculate the remainder when v is divided by 170.
76
Let k be (7/(35/3845))/((-1)/(-1)). Let h = k + -746. Calculate the remainder when h is divided by 2.
1
Suppose 8*k = 15317 - 853. Suppose k = 32*y - 24*y. Calculate the remainder when y is divided by 57.
55
Suppose 104 = 18*p + 32. Suppose -p*x = 20, -x + 3*x - 1 = -k. Calculate the remainder when 53 is divided by k.
9
Let t(f) = f + 2. Calculate the remainder when 7 + 0 - (-7 + (-59 - -2)) is divided by t(5).
1
Let p(x) = -16*x**2 + 947*x + 57. What is the remainder when p(59) is divided by 125?
109
Calculate the remainder when (304*(1 - 2) + 1 + -3)/(-2) is divided by 14.
13
Let z = 6 - 6. Let m be 0*(z - 4/8). Suppose q + 7*q - 72 = m. What is the remainder when 34 is divided by q?
7
Let w(y) = y - 6. Let t be w(10). Suppose -t*f = -4*r + 6*r - 2, 5*r - 13 = -2*f. What is the remainder when 4 is divided by (48/20 - r)/((-3)/15)?
1
Let w(q) = 3466*q**2 + 36 + 16*q - 3459*q**2 + q**3 + 88. Calculate the remainder when 66 is divided by w(-7).
6
Suppose b = -3*d + 120, 0 = 6*d - 2*d + 2*b - 158. Let g = -39 + d. Suppose 5*h - 45 = -2*f, -5*f - h = g*h - 160. What is the remainder when f is divided by 8?
3
Let i be (-3)/(-9) - 8*115/(-30). Suppose 1571 = -i*l + 5074. Calculate the remainder when l is divided by 58.
55
Suppose -25*h - 28 = 122. Calculate the remainder when 38 + 2 + h/3 + 0 is divided by 5.
3
Let o = 476 + -470. Suppose -5*t = -154 - o. What is the remainder when 476 is divided by t?
28
Calculate the remainder when 988 is divided by (51 + -49)/(1/32).
28
Let l = -1383 - -1450. Suppose 9*y - 11*y - 2*v = -48, 3*y + 2*v = l. Let t = 26 + 2. What is the remainder when t is divided by y?
9
Suppose 3*s - 5*k - 81 = -26, -s + 21 = -k. Suppose 40 = -11*f + 7. Calculate the remainder when s is divided by f/(-5)*1*15.
7
Suppose -x + 4*x - 6 = 0, -4*t - 32*x = -8940. What is the remainder when t is divided by 23?
11
Suppose -6*k + 87 - 57 = 0. Suppose -k*s + 0*s = 0. Let f = s + 30. What is the remainder when f is divided by 19?
11
Let j(f) = 8*f + 50. Calculate the remainder when j(-2) is divided by 14/(-6)*(-3 + 0).
6
Let b(o) = 6*o**2 + 102*o + 470. What is the remainder when 659 is divided by b(-5)?
109
Suppose 0 = k - 2*g - 25, 3*g + 76 = 3*k - 14. What is the remainder when 3324 is divided by k?
34
Suppose -2*a + 26 = 4*m, -2*m + 20 = 4*a + 4. Suppose -3*c + m*c = -9. What is the remainder when 48 + (c + 8 - 1) is divided by 11?
8
Suppose 147*a = 156*a + 3150. Let y = 404 + a. Calculate the remainder when 160 is divided by y.
52
Suppose 35 = -5*y, -4*f - y = -38 - 727. Calculate the remainder when 585 is divided by f.
6
Let k = 540 + -527. Suppose -4*g - 18 = -k*g. Calculate the remainder when 23 is divided by g.
1
Calculate the remainder when (1245 + 11 - 13) + -8 is divided by 113.
105
Let j(u) = 55*u**2 + 52*u + 105. What is the remainder when 652 is divided by j(-2)?
210
Let d = 481 + -471. Suppos